s digit of 444?
4
What is the units digit of 2905?
5
What is the thousands digit of 3657?
3
What is the thousands digit of 3991?
3
What is the units digit of 7527?
7
What is the units digit of 445?
5
What is the tens digit of 32469?
6
What is the thousands digit of 6419?
6
What is the units digit of 316?
6
What is the hundreds digit of 11201?
2
What is the tens digit of 455?
5
What is the hundreds digit of 908?
9
What is the thousands digit of 43572?
3
What is the units digit of 349?
9
What is the thousands digit of 8684?
8
What is the units digit of 613?
3
What is the tens digit of 1408?
0
What is the tens digit of 1488?
8
What is the hundreds digit of 6991?
9
What is the hundreds digit of 3615?
6
What is the hundreds digit of 1214?
2
What is the thousands digit of 12241?
2
What is the units digit of 187?
7
What is the tens digit of 90283?
8
What is the tens digit of 20829?
2
What is the hundreds digit of 22009?
0
What is the units digit of 45900?
0
What is the hundreds digit of 2026?
0
What is the tens digit of 15967?
6
What is the thousands digit of 2037?
2
What is the units digit of 68548?
8
What is the tens digit of 369?
6
What is the units digit of 116562?
2
What is the hundred thousands digit of 160445?
1
What is the tens digit of 6118?
1
What is the units digit of 3065?
5
What is the ten thousands digit of 17149?
1
What is the units digit of 42654?
4
What is the units digit of 12301?
1
What is the hundreds digit of 107014?
0
What is the thousands digit of 2405?
2
What is the hundreds digit of 43884?
8
What is the hundreds digit of 844?
8
What is the thousands digit of 1376?
1
What is the hundreds digit of 3019?
0
What is the units digit of 1537?
7
What is the hundreds digit of 686?
6
What is the tens digit of 4658?
5
What is the units digit of 1535?
5
What is the thousands digit of 3729?
3
What is the hundreds digit of 650?
6
What is the units digit of 2842?
2
What is the hundreds digit of 1563?
5
What is the hundred thousands digit of 125710?
1
What is the units digit of 2470?
0
What is the units digit of 2863?
3
What is the hundreds digit of 46036?
0
What is the tens digit of 20115?
1
What is the tens digit of 76416?
1
What is the tens digit of 827?
2
What is the units digit of 1022?
2
What is the units digit of 112655?
5
What is the units digit of 3073?
3
What is the units digit of 64659?
9
What is the units digit of 7582?
2
What is the hundreds digit of 1859?
8
What is the hundreds digit of 915?
9
What is the hundreds digit of 89633?
6
What is the hundreds digit of 780?
7
What is the hundreds digit of 7065?
0
What is the thousands digit of 1128?
1
What is the hundreds digit of 3599?
5
What is the units digit of 733?
3
What is the hundreds digit of 10324?
3
What is the thousands digit of 40643?
0
What is the hundreds digit of 660?
6
What is the hundreds digit of 4267?
2
What is the thousands digit of 1120?
1
What is the thousands digit of 1638?
1
What is the ten thousands digit of 62500?
6
What is the units digit of 359?
9
What is the hundred thousands digit of 141033?
1
What is the units digit of 535?
5
What is the hundreds digit of 394?
3
What is the tens digit of 33831?
3
What is the hundreds digit of 2497?
4
What is the units digit of 13520?
0
What is the hundreds digit of 910?
9
What is the thousands digit of 1410?
1
What is the thousands digit of 3032?
3
What is the tens digit of 4128?
2
What is the units digit of 7?
7
What is the tens digit of 2478?
7
What is the units digit of 2160?
0
What is the units digit of 4253?
3
What is the hundreds digit of 8915?
9
What is the tens digit of 30254?
5
What is the thousands digit of 19620?
9
What is the tens digit of 44905?
0
What is the units digit of 12609?
9
What is the thousands digit of 5484?
5
What is the hundreds digit of 13522?
5
What is the tens digit of 2383?
8
What is the thousands digit of 3618?
3
What is the tens digit of 12073?
7
What is the tens digit of 10043?
4
What is the units digit of 32?
2
What is the hundreds digit of 532?
5
What is the units digit of 5442?
2
What is the units digit of 2694?
4
What is the thousands digit of 94324?
4
What is the units digit of 1001?
1
What is the units digit of 39411?
1
What is the hundreds digit of 1493?
4
What is the units digit of 181?
1
What is the tens digit of 11642?
4
What is the hundreds digit of 1891?
8
What is the units digit of 618?
8
What is the units digit of 71?
1
What is the hundreds digit of 25233?
2
What is the tens digit of 3659?
5
What is the hundreds digit of 8357?
3
What is the units digit of 1496?
6
What is the tens digit of 1117?
1
What is the thousands digit of 123462?
3
What is the thousands digit of 61457?
1
What is the tens digit of 630?
3
What is the units digit of 2337?
7
What is the hundreds digit of 2746?
7
What is the hundreds digit of 804?
8
What is the tens digit of 871?
7
What is the hundreds digit of 7751?
7
What is the tens digit of 12992?
9
What is the ten thousands digit of 96768?
9
What is the tens digit of 17950?
5
What is the thousands digit of 1441?
1
What is the units digit of 292?
2
What is the units digit of 1940?
0
What is the hundreds digit of 6927?
9
What is the hundreds digit of 2616?
6
What is the units digit of 6201?
1
What is the hundreds digit of 1990?
9
What is the tens digit of 15053?
5
What is the thousands digit of 52573?
2
What is the thousands digit of 2319?
2
What is the tens digit of 35776?
7
What is the tens digit of 1059?
5
What is the ten thousands digit of 65519?
6
What is the hundreds digit of 30333?
3
What is the hundreds digit of 1645?
6
What is the units digit of 9586?
6
What is the ten thousands digit of 17777?
1
What is the tens digit of 57987?
8
What is the hundreds digit of 7460?
4
What is the tens digit of 46243?
4
What is the thousands digit of 25567?
5
What is the ten thousands digit of 21542?
2
What is the tens digit of 313?
1
What is the units digit of 41452?
2
What is the hundreds digit of 117?
1
What is the hundreds digit of 1318?
3
What is the hundreds digit of 1631?
6
What is the hundreds digit of 359?
3
What is the tens digit of 998?
9
What is the units digit of 5126?
6
What is the thousands digit of 3954?
3
What is the tens digit of 289?
8
What is the hundreds digit of 49524?
5
What is the hundreds digit of 56507?
5
What is the hundreds digit of 1677?
6
What is the thousands digit of 4835?
4
What is the tens digit of 18545?
4
What is the thousands digit of 100080?
0
What is the thousands digit of 4917?
4
What is the tens digit of 1284?
8
What is the thousands digit of 8470?
8
What is the hundreds digit of 1189?
1
What is the units digit of 448?
8
What is the tens digit of 3671?
7
What is the thousands digit of 2943?
2
What is the tens digit of 520?
2
What is the hundreds digit of 6327?
3
What is the units digit of 6421?
1
What is the units digit of 1149?
9
What is the hundreds digit of 144604?
6
What is the tens digit of 1155?
5
What is the hundreds digit of 22891?
8
What is the hundreds digit of 1696?
6
What is the hundreds digit of 6388?
3
What is the hundreds digit of 479?
4
What is the hundreds digit of 1770?
7
What is the tens digit of 19406?
0
What is the units digit of 1548?
8
What is the thousands digit of 1700?
1
What is the units digit of 187?
7
What is the tens digit of 565?
6
What is the ten thousands digit of 19719?
1
What is the hundreds digit of 12775?
7
What is the tens digit of 457?
5
What is the tens digit of 90819?
1
What is the thousands digit of 9270?
9
What is the units digit of 165?
5
What is the tens digit of 59229?
2
What is the units digit of 2347?
7
What is the units digit of 37201?
1
What is the units digit of 2095?
5
What is the hundred thousands digit of 111054?
1
What is the tens digit of 20517?
1
What is the hundreds digit of 6487?
4
What is the ten thousands digit of 16790?
1
What is the tens digit of 5524?
2
What is the hundreds digit of 6046?
0
What is the tens digit of 17604?
0
What is the tens digit of 1025?
2
What is the units digit of 1593?
3
What is the tens digit of 4451?
5
What is the thousands digit of 4013?
4
What is the thousands digit of 168821?
8
What is the ten thousands digit of 13443?
1
What is the tens digit of 3244?
4
What is the ten thousands digit of 32698?
3
What is the tens digit of 1316?
